{"id":24,"date":"2022-07-21T16:36:39","date_gmt":"2022-07-21T14:36:39","guid":{"rendered":"https:\/\/speakingred.de\/?page_id=24"},"modified":"2022-09-20T21:12:08","modified_gmt":"2022-09-20T19:12:08","slug":"about-us","status":"publish","type":"page","link":"https:\/\/speakingred.de\/?page_id=24","title":{"rendered":"about us"},"content":{"rendered":"\n<p>Speaking.red ist ein kleines aber feines Kollektiv aus Potsdam. Wir verstehen uns als str\u00f6mungsoffenen, undogmatischen Teil der internationalen Linken. <br>Wir fordern das Ende der Ausbeutung des Menschen durch andere Menschen. Wir stehen gegen Rassismus und Antisemitismus, gegen Sexismus, Homo- und Transphobie. <\/p>\n\n\n\n<p>Mit unseren Veranstaltungen, die meistens aus Vortr\u00e4gen und Diskussionsrunden bestehen, wollen wir unseren Teil zur politischen Bildung in unserer Szene beitragen. Die Vortr\u00e4ge sollen als Einstieg gedacht sein und sind in einfacher Sprache formuliert. Alle Veranstaltungen werden selbstverst\u00e4ndlich kostenlos sein. <\/p>\n\n\n\n<p>Falls ihr Vorschl\u00e4ge f\u00fcr weitere Vortr\u00e4ge oder Veranstaltungen habt, nutzt gerne unser Kontaktformular. <\/p>\n\n\n\n<p>Wenn ihr up to date bleiben wollt, folg uns doch gerne auf Instagram (@speaking_red). <\/p>\n","protected":false},"excerpt":{"rendered":"<p>Speaking.red ist ein kleines aber feines Kollektiv aus Potsdam. Wir verstehen uns als str\u00f6mungsoffenen, undogmatischen Teil der internationalen Linken. Wir fordern das Ende der Ausbeutung des Menschen durch andere Menschen. [&hellip;]<\/p>\n","protected":false},"author":1,"featured_media":0,"parent":0,"menu_order":0,"comment_status":"closed","ping_status":"closed","template":"","meta":{"footnotes":""},"class_list":["post-24","page","type-page","status-publish","hentry"],"_links":{"self":[{"href":"https:\/\/speakingred.de\/index.php?rest_route=\/wp\/v2\/pages\/24","targetHints":{"allow":["GET"]}}],"collection":[{"href":"https:\/\/speakingred.de\/index.php?rest_route=\/wp\/v2\/pages"}],"about":[{"href":"https:\/\/speakingred.de\/index.php?rest_route=\/wp\/v2\/types\/page"}],"author":[{"embeddable":true,"href":"https:\/\/speakingred.de\/index.php?rest_route=\/wp\/v2\/users\/1"}],"replies":[{"embeddable":true,"href":"https:\/\/speakingred.de\/index.php?rest_route=%2Fwp%2Fv2%2Fcomments&post=24"}],"version-history":[{"count":8,"href":"https:\/\/speakingred.de\/index.php?rest_route=\/wp\/v2\/pages\/24\/revisions"}],"predecessor-version":[{"id":174,"href":"https:\/\/speakingred.de\/index.php?rest_route=\/wp\/v2\/pages\/24\/revisions\/174"}],"wp:attachment":[{"href":"https:\/\/speakingred.de\/index.php?rest_route=%2Fwp%2Fv2%2Fmedia&parent=24"}],"curies":[{"name":"wp","href":"https:\/\/api.w.org\/{rel}","templated":true}]}}

<p>Speaking.red ist ein kleines aber feines Kollektiv aus Potsdam. Wir verstehen uns als strömungsoffenen, undogmatischen Teil der internationalen Linken. <br>Wir fordern das Ende der Ausbeutung des Menschen durch andere Menschen. Wir stehen gegen Rassismus und Antisemitismus, gegen Sexismus, Homo- und Transphobie. </p>



<p>Mit unseren Veranstaltungen, die meistens aus Vorträgen und Diskussionsrunden bestehen, wollen wir unseren Teil zur politischen Bildung in unserer Szene beitragen. Die Vorträge sollen als Einstieg gedacht sein und sind in einfacher Sprache formuliert. Alle Veranstaltungen werden selbstverständlich kostenlos sein. </p>



<p>Falls ihr Vorschläge für weitere Vorträge oder Veranstaltungen habt, nutzt gerne unser Kontaktformular. </p>



<p>Wenn ihr up to date bleiben wollt, folg uns doch gerne auf Instagram (@speaking_red). </p>

<p>Speaking.red ist ein kleines aber feines Kollektiv aus Potsdam. Wir verstehen uns als strömungsoffenen, undogmatischen Teil der internationalen Linken. Wir fordern das Ende der Ausbeutung des Menschen durch andere Menschen. [&hellip;]</p>
